hundreds digit of z?
6
Let t(s) be the third derivative of -11*s**6/40 + s**5/30 + s**4/6 - 42*s**2. What is the hundreds digit of t(-2)?
2
Let n = 5 + -19. Let y = 11 - n. Suppose -2*l - y = -w, 4*w + 2*l + 3*l - 48 = 0. What is the units digit of w?
7
Let c(r) = 21*r**2 - 10*r - 59. What is the tens digit of c(-9)?
3
Let f be 0 + 3 + 6/3. Suppose -2 - 30 = -l - 2*a, -f*l - 4*a + 178 = 0. What is the tens digit of l?
3
Let u(l) = 42*l**2 + 5*l - 26. What is the units digit of u(3)?
7
Suppose a + 9 = -4*d, 3 = -3*a - 3*d - d. Suppose a*s - s = -c + 238, 8 = -4*s. What is the hundreds digit of c?
2
Let z be 4/6 + 4182/18. Let q = 569 - z. Suppose -12*o + 6*o + q = 0. What is the tens digit of o?
5
Suppose -3*t + 551 = -5*w + 145, -5*w - 2*t = 396. Let z = 33 + w. Let l = z + 85. What is the tens digit of l?
3
Let z = -41 + 47. Let r(j) = j**3 - 2*j**2 - 5*j - 8. What is the hundreds digit of r(z)?
1
Suppose -124 = 2*b + 32. Let u(y) = 13*y**2 + 3*y + 6. Let h be u(-7). What is the units digit of h/13 - 12/b?
8
Suppose 2*b - 4*b - 16 = 0. Let r be 8 + b + 4/2. Suppose -r*y - 1 = -11. What is the units digit of y?
5
Let y(f) = 3*f**2 + 7*f - 6. Let l be y(-7). Suppose 0 = -3*q - 5*k + 214, -329 + l = -4*q + 3*k. What is the units digit of q?
3
Suppose -u = -6*u + 460. Suppose -162 - u = -s. What is the tens digit of s?
5
Let k = -3 + 23. Let r = k + -10. What is the units digit of r?
0
Let u = 10 - 5. Suppose -u*t + 48 = -302. Suppose -2*o + 4*j = -28, -5*o = -0*j - j - t. What is the tens digit of o?
1
Suppose -b + 3*b - 900 = -3*l, 0 = 5*l + 3*b - 1501. What is the units digit of l?
2
Suppose -5*l + 56 + 114 = 0. Let p = 79 - l. What is the tens digit of p?
4
Let g(i) = -3*i - 3. Let p = -6 - 1. Let b be g(p). Suppose -k - b = -2*k. What is the units digit of k?
8
Let x = 12 - 14. Let y be (12/x)/(1*-2). Suppose -4*f - 5*z + 51 = 0, z + y*z = 4*f - 24. What is the units digit of f?
9
Let a(n) = n**2 + 4*n - 10. Let x be (3/2)/(60/280). What is the tens digit of a(x)?
6
Let z(w) = w**2 - 2*w - 5. Let q be z(-2). Suppose -q*c + 2*s = -91, 0*c - 110 = -5*c - 5*s. What is the tens digit of c?
2
Let s(g) = 2*g**2 - 12*g - 62. Let m be s(-4). Suppose 2*j + 2*j = 220. Let u = j - m. What is the units digit of u?
7
Let u be (-7)/((-140)/25)*4. Suppose -2*y = u*y - 987. What is the hundreds digit of y?
1
What is the hundreds digit of 10/14 - 265512/(-56)?
7
Let u(a) be the third derivative of a**6/120 - a**5/15 + 5*a**3/6 + 8*a**2. Suppose -12 = -4*c + 4. What is the units digit of u(c)?
5
Let n(t) = -t**3 + 16*t**2 + 13. Let g be n(16). Suppose -g*f + 840 = -5*f. What is the units digit of f?
5
What is the hundreds digit of (-5383)/(-13) - 9/117?
4
Let k = 66 + -345. Let x = k + 419. What is the hundreds digit of x?
1
Let l be 45/(-6)*192/(-10). Suppose -2*y + l = 4*n, y - 3*n + 367 = 6*y. What is the tens digit of y?
7
Suppose -51*q + 57857 = -34912. What is the tens digit of q?
1
What is the tens digit of (43 - -22)/(3/42)?
1
Let b be 3/((-9)/(-70)) - (-2)/(-6). Let r = b + 89. What is the units digit of r?
2
Let n = -15 + 17. Suppose 0 = n*c - 5*c + 21. Suppose -u + 48 + c = 0. What is the tens digit of u?
5
Let t = 41 + -69. What is the units digit of ((-46)/(-4))/((-14)/t)?
3
What is the tens digit of 1344/6 + (-6 - -2)?
2
Suppose 3*m + 0*z + 4*z = -8, 5*z = -5*m - 10. Suppose m = -u - 4*h + 19, h - 14 = -5*u + 5. What is the units digit of u?
3
Let r be (6 + 0)*(-2)/(-4). Let p(v) = 3 - 8 - 10*v + r. What is the units digit of p(-2)?
8
Let d(p) = 45*p**2 - 6*p + 9. Suppose -2*z = -2*r - 12, -2*r = -z + 2*r + 18. What is the hundreds digit of d(z)?
1
What is the tens digit of (-718 + -1)*(-37)/37?
1
Let b = 1706 + -565. What is the units digit of b?
1
Let h(f) = -f**3 + 6*f**2 + 10*f + 5. Let i be h(8). Let s = i + 128. What is the tens digit of s?
8
Suppose 0 = j - 2*c - 10, 10 + 0 = 4*j - 2*c. Suppose 0 = -j*p + 5*p - 35. What is the units digit of p?
7
Let h(r) = 1 + 1 + 0 + 29*r - 4. What is the tens digit of h(3)?
8
Let o be 216/(-117) + (-4)/26. What is the tens digit of (o - (-16)/10)/((-4)/240)?
2
Suppose -840 = 14*k - 16352. What is the units digit of k?
8
Let g(n) = 60*n + 10. Let q be g(-2). Let y = q - -184. What is the tens digit of y?
7
What is the hundreds digit of ((90/6)/5)/((-3)/(-452))?
4
Let v = -3 + 1439. What is the thousands digit of v?
1
Let o(a) = 126*a + 232. What is the tens digit of o(12)?
4
Suppose -2*l - 2 = -4*t, 4*t - 2*l = l - 1. Suppose -5*d - t*g + 11 + 1 = 0, 3*d = 3*g + 24. Suppose -2 = 2*v - d. What is the units digit of v?
1
Let z(x) = -x + 10. Let v be z(5). Suppose 0 = -2*f - v*u + 13, 5*u + 3 = 8. What is the units digit of f?
4
Suppose -4*a + 5 = -3. Suppose -2*d - 2*m + 2 = -0*d, d + a*m = 0. What is the units digit of 76/3 + d/3?
6
Suppose 71241 = 42*q - 10953. What is the hundreds digit of q?
9
Suppose -11*f = -7*f. Suppose 2*q + 24 = 4*k - f*q, -2*k - q + 12 = 0. What is the units digit of k?
6
Let t(r) = -r**2 + 3*r + 13. Let j be t(-4). What is the tens digit of -21*(125/j - 4/(-1))?
9
Let y = 231 + 251. What is the units digit of y?
2
What is the tens digit of 10298/13 - (-1 + 45/39)?
9
Suppose 5*d = 2*r + 68, -4*d + 2*r = -2*d - 32. What is the tens digit of (-140)/3*(-3)/12*d?
4
Let o be 162 - (-3 + 35/5). What is the tens digit of (-34)/119 + o/14?
1
Suppose 3*s - 10 - 2 = 0. What is the hundreds digit of (-288 - -14)*(-2)/s?
1
Let d(h) = -47*h + 45. Let o(k) = -4*k**2 + 3*k + 2. Let r be o(-1). What is the hundreds digit of d(r)?
2
Suppose 3*a - v = 9211, -2*v - 1380 = -a + 1682. What is the units digit of a?
2
Suppose n - 4 = -g, -3*n + 18 = -0*g - 3*g. Let l be (g - -3*7) + -2. What is the units digit of 8/36 - (-482)/l?
7
Let s = -14 - -18. Suppose 4*d - 341 = u, s*d = -2*u + 439 - 89. What is the units digit of d?
6
Let s be (1 + -818)*3/(-3). Suppose 12*q - s = 1115. What is the units digit of q?
1
Suppose -3*k - 2 = -4*k. Suppose -2*i - 2*z + 101 = z, -47 = -i + k*z. What is the units digit of i?
9
Suppose -14 = -8*a + a. Suppose -36 = -2*o - 2*o. What is the units digit of (44/a)/(o/18)?
4
Let o be ((-8)/10)/(48/20 + -2). What is the tens digit of (2 + (-6 - o))/((-4)/82)?
4
Let z = -121 - -221. What is the tens digit of z?
0
What is the units digit of (249/(-166))/(2/(-964))?
3
Suppose -v + 7 + 13 = 3*m, 2*v - 10 = 4*m. Let h(k) be the second derivative of -k**4/12 + 13*k**3/6 - 7*k**2/2 - 17*k - 2. What is the tens digit of h(v)?
1
Let g(a) = -a**3 + a**2 - a - 40. Let x(f) = -f**3 + f**2 - f - 39. Let p(k) = 5*g(k) - 6*x(k). Let z = 221 - 221. What is the tens digit of p(z)?
3
Suppose -3*g + 31 = 4. Let c(t) = t**3 - 9*t**2 + t - 2. Let y be c(g). Suppose y = 3*z + 4*b - 105, z + b = 38. What is the units digit of z?
0
Let c = 38 + -10. Suppose 5*w - w - c = 0. Suppose 2*x - 66 = -4*t, -4*t = 4*x + w - 71. What is the units digit of t?
7
Let n(u) = -u**3 - 43*u**2 - 32*u + 11. What is the hundreds digit of n(-43)?
3
Suppose -32*o + 14*o = -2520. What is the units digit of o?
0
Let v be (728/16)/(1/2). Let u = 158 - v. What is the units digit of u?
7
Suppose -2*z + 11 = -49. Let l = -18 + z. Let p = 19 - l. What is the units digit of p?
7
Let u be 12 + -2 - 2 - 3. Suppose -424 = -u*t - 3*t. What is the tens digit of t?
5
Let f = 10 - 14. Let o(t) = t**3 + 5*t**2 + 3*t. Let x be o(f). Suppose 0*c - x = -2*c. What is the units digit of c?
2
Suppose 2*b + 3*b = -5*t + 1215, 2*t + b = 484. Let j = 338 - t. What is the tens digit of j?
9
Let x be (14/(-2))/(2/(-4)). Let v = x + -13. Suppose -5*j + 16 = v. What is the units digit of j?
3
Let u(h) = h**2 - 3*h - 8. Let x be u(5). Suppose 0 = g - 3*f - 47, 0 = -g + 3*g - x*f - 98. What is the units digit of g?
0
Let x(c) = 33*c**2 + 21*c - 21. What is the hundreds digit of x(-11)?
7
Suppose -8*i = 20*i - 3108. What is the tens digit of i?
1
Let o(f) = 6*f**2. Let d(s) = -s**2 - 6*s - 1. Let x be d(-6). Let y be o(x). What is the tens digit of (-103)/(-7) - y/(-21)?
1
Let y be (-6)/8 + (-46)/(-8). Suppose -y*g - 14 = 2*g. What is the tens digit of g + 43 + 2 + -3?
4
Let t = 937 - 466. What is the units digit of t?
1
Let g be (1/(-3))/(3 + (-28)/9). Suppose -2*u + 391 = -g*d, 3*d + 0*d + 200 = u. What is the units digit of u?
1
Let r be (45